{"id":35,"date":"2019-09-30T12:26:44","date_gmt":"2019-09-30T12:26:44","guid":{"rendered":"http:\/\/efoeb.de\/?page_id=35"},"modified":"2025-12-08T09:07:19","modified_gmt":"2025-12-08T09:07:19","slug":"seite5","status":"publish","type":"page","link":"http:\/\/efoeb.de\/?page_id=35","title":{"rendered":"Praktikumspl\u00e4tze"},"content":{"rendered":"\n<p><strong>Praktikumspl\u00e4tze im Wilhelmino<\/strong><\/p>\n\n\n\n<p>Das Wilhelmino bietet Praktikumspl\u00e4tze <strong>ausschlie\u00dflich im Rahmen schulischer Ausbildungen und Schulpraktika<\/strong> an.<br>Wenn Sie Interesse an einem Praktikumsplatz haben, senden Sie Ihre Anfrage bitte an <strong><a>efoeb@berlin.de<\/a><\/strong> und f\u00fcgen Sie einen <strong>kurzen Lebenslauf<\/strong> bei.<\/p>\n\n\n\n<p>Wir freuen uns \u00fcber Ihr Interesse an unserer Arbeit!<\/p>\n","protected":false},"excerpt":{"rendered":"<p>Praktikumspl\u00e4tze im Wilhelmino Das Wilhelmino bietet Praktikumspl\u00e4tze ausschlie\u00dflich im Rahmen schulischer Ausbildungen und Schulpraktika an.Wenn Sie Interesse an einem Praktikumsplatz haben, senden Sie Ihre Anfrage bitte an efoeb@berlin.de und f\u00fcgen Sie einen kurzen Lebenslauf bei. Wir freuen uns \u00fcber Ihr Interesse an unserer Arbeit!<\/p>\n","protected":false},"author":1,"featured_media":0,"parent":0,"menu_order":0,"comment_status":"closed","ping_status":"closed","template":"","meta":{"footnotes":""},"class_list":["post-35","page","type-page","status-publish","hentry"],"_links":{"self":[{"href":"http:\/\/efoeb.de\/index.php?rest_route=\/wp\/v2\/pages\/35","targetHints":{"allow":["GET"]}}],"collection":[{"href":"http:\/\/efoeb.de\/index.php?rest_route=\/wp\/v2\/pages"}],"about":[{"href":"http:\/\/efoeb.de\/index.php?rest_route=\/wp\/v2\/types\/page"}],"author":[{"embeddable":true,"href":"http:\/\/efoeb.de\/index.php?rest_route=\/wp\/v2\/users\/1"}],"replies":[{"embeddable":true,"href":"http:\/\/efoeb.de\/index.php?rest_route=%2Fwp%2Fv2%2Fcomments&post=35"}],"version-history":[{"count":2,"href":"http:\/\/efoeb.de\/index.php?rest_route=\/wp\/v2\/pages\/35\/revisions"}],"predecessor-version":[{"id":679,"href":"http:\/\/efoeb.de\/index.php?rest_route=\/wp\/v2\/pages\/35\/revisions\/679"}],"wp:attachment":[{"href":"http:\/\/efoeb.de\/index.php?rest_route=%2Fwp%2Fv2%2Fmedia&parent=35"}],"curies":[{"name":"wp","href":"https:\/\/api.w.org\/{rel}","templated":true}]}}